 - -6) - -7.
10
-7 - 8 - (-22 - 0)
7
Calculate (-11 - (-12 + 2)) + 9.
8
(-3 + 4 - -11) + (-23 - -18)
7
What is the value of 0 + -4 + 30 + -39 + 16?
3
What is the value of 25 - (3 + -12 + 13) - 13?
8
Evaluate (1 - -6) + -173 + 162.
-4
Calculate -15 + 3 + 33 + -9 + -8.
4
1 + -3 + -10 + 9 + -3
-6
5 + 8 + -4 + -17 + -2
-10
What is (9 - -49) + -25 + -25?
8
Evaluate (-147 - -152) + 16 + 0.
21
Evaluate (16 - -1) + (-209 - -207) + -4.
11
20 + 1 + (-13 - -14) + -5
17
Calculate 8 - (3 + -2) - (-46 + 22 - -22).
9
What is the value of -14 - -6 - (3 - 9)?
-2
Calculate (3 - (-29 - -19)) + -8.
5
What is -6 + (1 - (10 + -13)) + 12?
10
What is 49 - 9 - (22 + 4)?
14
Calculate (4 - 8) + 6 - -1 - (-5 - 0).
8
(19 - (14 - 6) - (-1 + 2)) + 3
13
What is 7 - (0 + -8) - 5?
10
What is -3 + (4 - -11) + 0 - (-1 - -5)?
8
What is the value of -8 - (-16 + -2 - (-15 + 14 - 8))?
1
What is the value of (-3 - (-4 - (0 - -4))) + (0 - 1)?
4
Evaluate 4 + 4 + 20 + -19.
9
-1 - (-9 + 11 + -11)
8
Calculate -1 + (14 - (18 + -12)).
7
-17 + 4 + -1 - (-18 - 2)
6
7 + 4 + -9 + -4 + 3 + 6
7
-19 + (8 - 11) - -25
3
Evaluate -31 + 4 + -2 + -10 + 21.
-18
What is the value of -13 + (9 - -7 - 13) + 9?
-1
Evaluate -15 - (-27 + -1) - 5.
8
11 - (-15 - (1 - 12))
15
Calculate 6 + 20 - (50 - 40).
16
Calculate 28 + (-31 - 21 - -16).
-8
What is the value of 1 + -60 - (-1124 + 1086)?
-21
6 + 2 + -16 + (14 - 7)
-1
What is the value of (0 - 9) + (9 - -9)?
9
What is the value of (-10 + -10 + 18 + 12 - 9) + 1?
2
Calculate 23 + (-4 - -17) + -19.
17
What is 7 + -4 + -45 + 25?
-17
Evaluate 6 + -4 + (-1 - (-16 + 11)).
6
What is (-1 - (21 - 0)) + (4171 - 4162)?
-13
What is (301 - 297) + 0 + -5?
-1
What is the value of (-2 - (-1 + 0)) + 275 + -267?
7
Evaluate (-22 - -6) + 20 + 8.
12
Calculate 42 + (5 + 25 - 17) + -26.
29
What is the value of -16 + (26 - 2 - 4) + -10?
-6
What is the value of (-7 - -30 - (13 - 4)) + 2 + -3?
13
Calculate 25 + 9 + -26 + (3 - 5).
6
What is the value of 28 + (31 + -29 - 18)?
12
Evaluate 13 + (4 - (15 + -3)).
5
What is the value of (6 - -9 - 14) + -2 + -4 - -29?
24
Evaluate -118 + 130 - (9 - (3 + -4)).
2
Calculate (21 - 1) + -4 + -10 - 14.
-8
What is the value of (-12 - -20) + 4 + -11 - -1?
2
What is the value of 4 + -3 + 6 - (23 + -22)?
6
Evaluate (1234 - 1233) + 2 + -3 + -2 + 1.
-1
37 - 1 - 8 - (-1 + -1 + 10)
20
What is -24 + 12 - (-13 - -2)?
-1
Calculate -23 + (87 - 23) + -17 + -4 + 0.
20
-5 + (-9 - -2) + (35 - 21)
2
What is -2 - 2 - (86 + -90)?
0
Evaluate -79 + 50 - -20 - (-13 + 0).
4
What is the value of 23 - 2 - (-42 + (46 - 4))?
21
Evaluate 40 - ((21 + -15 - -8) + 1).
25
What is 8 + (-12 - 17 - -21)?
0
What is the value of 5 - (-1 + (2 - (-2 + 2))) - -2?
6
Calculate 84 + -66 - (8 - -7).
3
What is -6 - (-8 - (-1 + 0) - (-7 - 6))?
-12
What is 2 + 31 - (-155 - -165)?
23
What is 6 + (8 - 4) - (-2 + 2 + -1)?
11
Evaluate (-2 + -4 - 0) + 6 + -5 - -17.
12
-5 + -6 - (10 - (25 - 6))
-2
Evaluate -1 + 10 - (22 + (-15 - -3)) - 23.
-24
13 + (-8 - (-7 + 8 + -4 + -1))
9
Evaluate 2 + (11 + (-17 - -13) - (11 - 2)).
0
Evaluate -42 + 33 - (1 + -2 + 2).
-10
15 + -22 - 11 - -23
5
Evaluate (-6 - -3) + 10 + (9 - -1) + -24.
-7
Calculate -2 + 1 + -1 - (21 + -10).
-13
Calculate 8 - (-3 + (-18 - -8) + (0 - 13)).
34
Evaluate 14 + (-34 + 19 - (5 - 11)).
5
Evaluate 12 + -16 - (-4 - 0 - 0).
0
Calculate (25 - ((6 - -15) + -11)) + -36.
-21
What is 26 + (-11 - (6 + -15))?
24
Calculate -32 + (-27 - (-38 + 4)).
-25
What is 19 + (-245 + 265 - (0 + 14))?
25
-1 + -6 + (-5 - -6) - (-188 - -181)
1
Evaluate 2 + -10 + -5 + 18 + -5.
0
Calculate 334 - 345 - (-25 + 4 + (-5 - -3)).
12
What is -8 - (-11 - 0) - (6 + -3 - 1)?
1
-1 + -11 + 22 - (0 - -23)
-13
What is 18 + (-5 - 19) - (4 + 6 - 2)?
-14
3 + -7 + (-13 - -6 - -12) + -13
-12
Evaluate (5 - (22 + -7)) + (-39 - (-1 + -16)).
-32
44 - (-9 + -3 + 13 + 1 + 6)
36
What is the value of 14 - (9 + -1 - -7)?
-1
14 - ((10 - 20) + 9)
15
Calculate -5 - -14 - (13 + 4).
-8
(0 - (0 - 2)) + (40 - 45)
-3
Evaluate 7 - (4 - ((4 - -2) + 6 + -5)).
10
Evaluate -5 - 2 - (10 + (17 - 24)).
-10
What is the value of (0 - 19) + (10 - (3 + 3))?
-15
What is the value of (3 - 14) + 25 - 12?
2
What is the value of 4 + 1 + 1 + 15 - (-147 - -144)?
24
(12 - 23 - -3) + 13
5
Evaluate -2 - 9 - (-20 + 17 + 21).
-29
Evaluate -12 + -47 + 12 + 17 - -1.
-29
What is the value of (-4 - -17) + (0 - 15)?
-2
What is 4 + -7 - (-3 - 0) - (5 - 11)?
6
What is the value of -6 + (-35 - -30) + (0 - -12)?
1
(13 - 15 - 9 - 30) + 8
-33
Calculate -24 - (-12 + (-5 - (-7 - 0))).
-14
-9 - (-2 - (-5 - 2) - (21 - 11))
-4
Evaluate -9 - (9 - (19 - 28 - (-1 + -2))).
-24
What is the value of 10 - 0 - ((-18 - (-11 - -21)) + 73)?
-35
What is the value of 19 - (-1 + 27 + -14)?
7
What is 0 + 0 + 1 + 12?
13
Evaluate -6 + 14 + 3 + -6.
5
What is the value of 9 + 0 + (35 - (77 - 47))?
14
What is the value of -5 + 0 + (-15 - -17) + 2?
-1
What is the value of 3 - 2 - 18 - (-14 - 7 - -14)?
-10
What is the value of 21 + -13 + (2 - 11) + -10?
-11
What is 35 - ((15 - -48) + -11)?
-17
Calculate 14 + -4 + -1 + -4 - -4.
9
3 + -9 + 12 - 13
-7
What is -10 + 10 + 6 + (2 - 33)?
-25
(1 - -4) + (3 - (0 - -5 - -4))
-1
Evaluate 7 - (0 - (-4 - 4)) - (-1 + -3).
3
What is 15 + -7 + (-2 + 0 - 6)?
0
-46 - (20 + -7) - -26
-33
What is the value of -5 - (-14 - -32 - 14)?
-9
What is the value of -1 + -18 - (3 - 15 - (2 - 9))?
-14
What is -16 + 19 + -21 - -16?
-2
What is the value of 1 + 11 + (259 - 267)?
4
What is 9 - (-1 - (6 + -6 - 1) - -11)?
-2
Evaluate -189 - -190 - (2 + -1 - -1).
-1
Evaluate 12 - ((-9 + -4 - -18) + -18).
25
Evaluate (22 - 6) + 41 + -39.
18
2 + -3 + 7 + -5 + -22 + 9
-12
Evaluate 1 + -1 + (-379 - -389) - 25.
-15
What is the value of 5 + -58 + 20 + 31?
-2
13 - (1 - -11) - 4
-3
(-42 - (-25 - -17)) + 14
-20
Calculate 4 + 3 - (8 + (7 - 14)) - -12.
18
What is (0 - -11) + 11 + 0 + -3 + -29?
-10
Calculate (-31 - -14) + 18 - ((-4 - 0) + 4).
1
(-13 - -1) + -1 - (73 + -77)
-9
Calculate (33 - (-33 - -29)) + -30.
7
What is (-7 - 20 - (-32 + 18)) + 18?
5
What is -12 + (2 - 19) + 14 + -11?
-26
What is 38 + (8 - 32 - 17)?
-3
(-2782 - -2770) + (2 - (19 - 0))
-29
What is the value of -13 - (2 - (38 - 20))?
3
Evaluate -18 + (22 - (5 - -9)).
-10
What is 3 + (-3 - (-1 + 6)) + 12 + -36?
-29
Calculate -9 - (1 + -4 + (-11 - (0 + -10))).
-5
What is the value of (12 - (1 - (4 - 12))) + -17 + 3?
-11
Evaluate (-20 + 11 - 7) + 11.
-5
What is 12 + 9 + -9 + -12?
0
Calculate (10 - -12 - 18) + (0 - 19).
-15
11 + 6 + (6 - (1 + 12)) + 4
14
Evaluate 5 + -2 + -1 + (112 - 120).
-6
-20 + (12 - -3) + (-2 - -3)
-4
What is (21 - 57 - 4) + 20?
-20
Calculate 5 - ((-10 - -16) + -23 + -17).
39
Evaluate -66 + 54 + -4 + 6 + 2.
-8
What is the value of 16 - ((-4 - -5) + -8 - -11)?
12
What is 1 + 4 + (24 - (-25 - -51))?
3
Calculate 31 - (26 + -54 - -36).
23
What is the value of 21 - (5 + 3 + 27)?
-14
What is (6 - 6) + (19 - 1 - 13)?
5
What is the value of 0 - (-12 - (-2 + 13 - -2))?
25
Evaluate -5 - (-1 - (-7 + 14 - -3)).
6
Calculate 3 - (1 + -2) - (0 + -1) - -4.
9
Calculate 72 - 35 - (-5 + 18) - (-5 - 5).
34
-5 + (-17 - -24) + 12
14
0 + -1 + -9 - (16 + 23 - 38)
-11
What is (-9 + -28 - -50) + 2 + 0 + 6?
21
Calculate (1 - -39) + 381 + -380.
41
Calculate (-45 - -28) + 0 + -13 + 47.
17
Calculate 10 + -6 + 10 + (-10 - -11).
15
What is the value of -268 + 277 + (-26 - (-2 - -3))?
-18
13 + -43 + 25 - (-1 + 0)
-4
Calculate 0 + (6 - 21) + 1.
-14
Evaluate (-20 + 38 - 26) + (1 + 0 - 16).
-23
4 + 18 + -5 + 0
17
(4 - 5 - 1) + (-7 - (-28 - -4))
15
What is the value of (-10 - (10 + -25)) + (3 - (2 - 3))?
9
What is the value of 8 - -2 - (298 - 269)?
-19
What is -4 - (23 + -17 - (6 + -2)) - -3?
-3
What is 2 + (15 - -1) - 9?
9
What is 6 - (9 - (14 - 9 - -7))?
9
What is the value of 22 + -11 + -12 + -7 + 22?
14
What is (33 - (9 - -11)) + -13?
0
What is (-6 - -25) + -8 - 14?
-3
(2 - 3 - -1) + 5 - (-68 + 65)
8
Calculate (-15 + (-8 - -9) - -2) + 1 + -5.
-16
What is the value of (21 + -12 - 14 - 7) + 24?
12
What is (-4 - -5 - 36) + (-19 - -1 - -26)?
-27
What is -57 - -77 - (11 - -8)?
1
What is 9 + 0 - 3 - (2 - (-3 - -5))?
6
What is the value of (10 - (1 + -1 + 0)) + 65 + -74?
1
Calculate 0 - ((3 + -7 - 1) + -6).
11
What is the value of (1244 - 1247 - (5 + (1 - 1))) + 3?
-5
Evaluate 10 - (-7 + 8 - 2 - 0).
11
Evaluate 103 - 74